ded by 185.
184
What is the remainder when 9056 is divided by 144?
128
Calculate the remainder when 1850 is divided by 1841.
9
Calculate the remainder when 51676 is divided by 1473.
121
What is the remainder when 1256 is divided by 360?
176
What is the remainder when 297268 is divided by 14151?
97
Calculate the remainder when 21814 is divided by 1208.
70
What is the remainder when 31358 is divided by 31340?
18
What is the remainder when 1511 is divided by 278?
121
Calculate the remainder when 59207 is divided by 17.
13
Calculate the remainder when 71733 is divided by 71733.
0
What is the remainder when 2644918 is divided by 72?
70
What is the remainder when 11330 is divided by 176?
66
What is the remainder when 18046 is divided by 1210?
1106
What is the remainder when 4621 is divided by 116?
97
What is the remainder when 8167 is divided by 818?
805
Calculate the remainder when 14749 is divided by 25.
24
Calculate the remainder when 855 is divided by 758.
97
What is the remainder when 311526 is divided by 50?
26
What is the remainder when 177879 is divided by 544?
535
What is the remainder when 333307 is divided by 83324?
11
What is the remainder when 7325 is divided by 1255?
1050
Calculate the remainder when 217600 is divided by 231.
229
What is the remainder when 14249 is divided by 99?
92
Calculate the remainder when 8796 is divided by 542.
124
What is the remainder when 4234 is divided by 415?
84
What is the remainder when 803141 is divided by 1031?
1023
Calculate the remainder when 22467 is divided by 15.
12
Calculate the remainder when 91605 is divided by 33.
30
Calculate the remainder when 25689 is divided by 4281.
3
Calculate the remainder when 63734 is divided by 90.
14
Calculate the remainder when 177039 is divided by 19.
16
What is the remainder when 297854 is divided by 64?
62
What is the remainder when 7511 is divided by 16?
7
What is the remainder when 8639 is divided by 30?
29
What is the remainder when 2517 is divided by 500?
17
What is the remainder when 98373 is divided by 911?
896
Calculate the remainder when 28004 is divided by 3043.
617
Calculate the remainder when 135214 is divided by 45062.
28
What is the remainder when 13476 is divided by 450?
426
Calculate the remainder when 103848 is divided by 25.
23
What is the remainder when 49589 is divided by 290?
289
Calculate the remainder when 6712 is divided by 1660.
72
Calculate the remainder when 255615 is divided by 33.
30
What is the remainder when 302929 is divided by 217?
214
Calculate the remainder when 2823 is divided by 930.
33
What is the remainder when 61908 is divided by 61901?
7
Calculate the remainder when 4409 is divided by 2348.
2061
What is the remainder when 76354 is divided by 24?
10
Calculate the remainder when 640717 is divided by 160169.
41
What is the remainder when 137511 is divided by 5?
1
Calculate the remainder when 337164 is divided by 112387.
3
Calculate the remainder when 169697 is divided by 3771.
2
What is the remainder when 15570 is divided by 86?
4
What is the remainder when 241 is divided by 19?
13
Calculate the remainder when 1647 is divided by 69.
60
Calculate the remainder when 230689 is divided by 14.
11
What is the remainder when 43509 is divided by 270?
39
What is the remainder when 664363 is divided by 94908?
7
What is the remainder when 215559 is divided by 68?
67
Calculate the remainder when 246276 is divided by 1057.
1052
What is the remainder when 10516 is divided by 19?
9
What is the remainder when 3849 is divided by 147?
27
Calculate the remainder when 11953 is divided by 1895.
583
What is the remainder when 2384 is divided by 29?
6
What is the remainder when 440896 is divided by 809?
800
Calculate the remainder when 74280 is divided by 24.
0
Calculate the remainder when 1661338 is divided by 32.
26
Calculate the remainder when 17152 is divided by 17.
16
What is the remainder when 3498 is divided by 302?
176
Calculate the remainder when 15772 is divided by 7749.
274
Calculate the remainder when 76933 is divided by 29.
25
Calculate the remainder when 235475 is divided by 279.
278
What is the remainder when 63961 is divided by 10641?
115
Calculate the remainder when 135231 is divided by 17.
13
What is the remainder when 18900 is divided by 17?
13
What is the remainder when 5608 is divided by 5596?
12
What is the remainder when 23225 is divided by 1161?
5
What is the remainder when 2859 is divided by 47?
39
Calculate the remainder when 36744 is divided by 448.
8
What is the remainder when 1661899 is divided by 22?
19
What is the remainder when 21938 is divided by 17?
8
Calculate the remainder when 10650 is divided by 104.
42
Calculate the remainder when 45330 is divided by 11327.
22
What is the remainder when 220442 is divided by 1312?
26
Calculate the remainder when 1864 is divided by 374.
368
What is the remainder when 3023243 is divided by 129?
128
What is the remainder when 7771 is divided by 158?
29
What is the remainder when 1621254 is divided by 11?
8
What is the remainder when 206269 is divided by 48?
13
What is the remainder when 6878 is divided by 86?
84
What is the remainder when 423 is divided by 254?
169
Calculate the remainder when 145720 is divided by 253.
245
Calculate the remainder when 500 is divided by 166.
2
Calculate the remainder when 4465 is divided by 783.
550
What is the remainder when 479612 is divided by 79933?
14
Calculate the remainder when 1638 is divided by 489.
171
Calculate the remainder when 4713 is divided by 218.
135
Calculate the remainder when 244325 is divided by 664.
637
What is the remainder when 1093930 is divided by 18?
16
What is the remainder when 24419 is divided by 38?
23
Calculate the remainder when 24395 is divided by 2690.
185
What is the remainder when 63125 is divided by 167?
166
What is the remainder when 4854149 is divided by 14?
13
Calculate the remainder when 4191182 is divided by 9.
8
What is the remainder when 219 is divided by 28?
23
What is the remainder when 1803164 is divided by 24?
20
What is the remainder when 5503 is divided by 93?
16
What is the remainder when 1225 is divided by 167?
56
What is the remainder when 214269 is divided by 24?
21
What is the remainder when 855269 is divided by 44?
41
Calculate the remainder when 541538 is divided by 86.
82
What is the remainder when 80559 is divided by 10?
9
Calculate the remainder when 31305 is divided by 10423.
36
What is the remainder when 4031 is divided by 255?
206
Calculate the remainder when 8511 is divided by 218.
9
What is the remainder when 717308 is divided by 128?
124
Calculate the remainder when 156467 is divided by 52.
51
Calculate the remainder when 118006 is divided by 18.
16
What is the remainder when 29046 is divided by 69?
66
Calculate the remainder when 13073 is divided by 13061.
12
Calculate the remainder when 6011 is divided by 12.
11
Calculate the remainder when 2656 is divided by 876.
28
Calculate the remainder when 10855 is divided by 5387.
81
What is the remainder when 100956 is divided by 50467?
22
What is the remainder when 12867 is divided by 33?
30
Calculate the remainder when 544173 is divided by 16.
13
Calculate the remainder when 203433 is divided by 9.
6
What is the remainder when 96714 is divided by 18?
0
Calculate the remainder when 954 is divided by 712.
242
Calculate the remainder when 18256 is divided by 702.
4
Calculate the remainder when 122601 is divided by 68.
65
Calculate the remainder when 119702 is divided by 562.
558
Calculate the remainder when 111018 is divided by 305.
303
Calculate the remainder when 150 is divided by 50.
0
What is the remainder when 8607 is divided by 184?
143
Calculate the remainder when 2714 is divided by 206.
36
What is the remainder when 4964 is divided by 992?
4
Calculate the remainder when 8564 is divided by 758.
226
Calculate the remainder when 10366 is divided by 855.
106
Calculate the remainder when 1032 is divided by 130.
122
What is the remainder when 7752 is divided by 108?
84
Calculate the remainder when 6902 is divided by 17.
0
What is the remainder when 339284 is divided by 29?
13
What is the remainder when 573405 is divided by 1086?
1083
What is the remainder when 12177 is divided by 1522?
1
What is the remainder when 320377 is divided 